0. Let f(o) = -2*o + 7. Let s be f(h). Let x = 28 + s. List the prime factors of x.
3, 5
Let h(x) = x**3 - x**2 - x + 1. Let f be h(2). Suppose 0 = -j + f*p - 1 - 0, 2*p = -4*j - 60. Let d = j + 18. What are the prime factors of d?
5
Suppose -7*t + 12*t = -5*o + 4990, -4*t + 3976 = -4*o. What are the prime factors of t?
2, 3, 83
Suppose 70*l + 324 = 76*l. What are the prime factors of l?
2, 3
Suppose 0 = 4*g - 5*j + 2*j - 3, 4 = 3*g - 4*j. Let o(d) = -d**2 - d + 91. List the prime factors of o(g).
7, 13
Suppose -41123 = -42*d + 75133. What are the prime factors of d?
2, 173
Let i be (-26)/(1*1/(-2)*2). Let s(r) = r - 12. Let o be s(6). What are the prime factors of -1 + i - (o - -4)?
3
Let i(h) = -h - 31. Let x be i(0). Let q = 98 + x. What are the prime factors of q?
67
Suppose 2*f = -3*s + 3992, 4*f - 4796 = -s + 3208. What are the prime factors of f?
2, 7, 11, 13
Let o(v) = -2*v - 6. Let y be o(-3). Suppose y = 2*n - 1 - 3. Suppose n*f - 100 = -0*f. List the prime factors of f.
2, 5
Let d = 849 + 3090. What are the prime factors of d?
3, 13, 101
Suppose 6*x - 3296 = 592. What are the prime factors of x?
2, 3
List the prime factors of -45*((-2464)/110 - (2 - -3)).
3, 137
Suppose 2*f - 7817 = -4*k + 3*f, -3896 = -2*k - 2*f. List the prime factors of k.
3, 7, 31
Let s(k) = -19 + 0*k + 8*k + k - 4*k. List the prime factors of s(10).
31
Let g(o) = 4*o**2 + 20*o + 21. List the prime factors of g(-14).
3, 5, 7
Let h(v) = v**2 + 7*v - 26. Let z be h(-10). Suppose 6*l = -4*j + 3*l + 173, -3*l = -z*j + 155. What are the prime factors of j?
41
Suppose n - 5*d - 7 - 1 = 0, -d - 1 = 0. Suppose -n*u - 3 + 21 = 0. What are the prime factors of (-10)/((-3)/(27/u))?
3, 5
Suppose 6 = 7*h - 4*h. Suppose 5*s + 4*r - 876 = 0, r = -h + 6. List the prime factors of s.
2, 43
Let l = -143 + 229. Let h = l - 74. What are the prime factors of h?
2, 3
Let d = -32 + 35. Suppose w - j - 136 = 0, -2*j = -d*w + 3*j + 398. What are the prime factors of w?
3, 47
Suppose q - k = 3 + 3, q + 5*k = -6. Suppose -6*m + x = -3*m - 11, -m - q*x = 18. Suppose -42 = -4*s + m*s. List the prime factors of s.
3, 7
Suppose d - 3*z - 2*z = -12, z - 4 = d. What are the prime factors of (-4)/(2 - d)*-65?
5, 13
What are the prime factors of (96/(-128))/(3/(-188))?
47
Let v be 537/(-7) + 10/(-35). Let n = v + 212. What are the prime factors of n?
3, 5
Suppose -51 + 79 = 4*z. Let d(o) = o**3 - 5*o**2 + 6*o - 17. List the prime factors of d(z).
3, 41
Suppose 9*m - 2621 = 1339. What are the prime factors of m?
2, 5, 11
Let v be 63/6*164/6. Suppose v = 5*j + y, 2*y - 234 = -4*j - y. What are the prime factors of j?
3, 19
Let x(b) = 2*b**3 + b**2 - 15*b + 1578. What are the prime factors of x(0)?
2, 3, 263
Let i = -4 - -9. Suppose -3*w - i*j + 31 = 0, -j - j = 8. Suppose -3*b = w - 50. What are the prime factors of b?
11
Suppose 3*i - 13 = f, 5*f = -2*i + 4 + 16. Suppose u - 5*l - 163 = 0, 3*l - i*l - 616 = -4*u. What are the prime factors of u?
3, 17
Let a(c) = 3*c**2 + c + 1. Let v be a(-1). Suppose -5 = v*u - 2. List the prime factors of (-1 - -1 - u)*55.
5, 11
Let c be (-7)/(-3) + (-10)/30. Suppose n - c*t - 86 = -0*n, 4*n - 352 = 4*t. Suppose n = -w + 6*w. What are the prime factors of w?
2, 3
Let a(k) = 82*k - 240. What are the prime factors of a(23)?
2, 823
Suppose 0 = 4*b - 9 + 1. Suppose -176 = -2*x - b*x. List the prime factors of x.
2, 11
Let c = 772 - -40. What are the prime factors of c?
2, 7, 29
Let h = -13 - -8. Let f(z) = z**3 + 5*z**2 - z + 7. What are the prime factors of f(h)?
2, 3
Suppose -5*d = -87 - 388. Suppose -97*y + 272 = -d*y. List the prime factors of y.
2, 17
Suppose 4*b + 0*v = -5*v + 2810, 0 = -5*b - v + 3523. Suppose -5*i = -30 - b. List the prime factors of i.
3, 7
Suppose -3*b - 9 = 0, 4*a + 0*b + 3*b = 35. Suppose -190 = -0*j - 5*j. Let y = j - a. List the prime factors of y.
3
Let k be 94/(-10) + 6/(-10). List the prime factors of k/(-75) + 1526/30.
3, 17
Let o(p) be the second derivative of p**3/6 + 19*p**2/2 - 8*p. What are the prime factors of o(-9)?
2, 5
Let k be (1/(-2))/(1/46). Suppose -3*q - 49 + 1 = 0. Let w = q - k. List the prime factors of w.
7
Let s be (1 - -1)/6*(45 - 30). Suppose o - 4 = -0, -s*v + 4*o = -1039. List the prime factors of v.
211
Suppose -k - 3218 = 2*j - 7*j, -k = 3. What are the prime factors of j?
643
Suppose -7*g = -6 - 8. Suppose 5*r - g*q = -q + 967, r - 197 = 2*q. List the prime factors of r.
193
Let x(m) = m**3 + 5*m**2 - 13*m - 7. Let r = 60 + -66. List the prime factors of x(r).
5, 7
Suppose -4*l = 2*w - 18, -4*w - 7 = -3*l + w. Let r = l - 6. What are the prime factors of 9 + (6 - r)/(-4)?
7
Let w(j) = 3*j + 22. Let f be w(-7). Let z(c) = 41*c**3 + 2*c**2 - c. List the prime factors of z(f).
2, 3, 7
Suppose -18*p + 46*p = 5404. What are the prime factors of p?
193
Let l be 2/((-1)/((-21)/6)). Suppose -l*k + 3*k = 3*a + 53, 4*k - 52 = 4*a. Let s = -5 - a. List the prime factors of s.
2, 5
Let o be 55 - 3/(-1 - -4). List the prime factors of 12/o + (-187)/(-9).
3, 7
Suppose 3*n + 3*i = i - 103, -n - 3*i - 25 = 0. Let z = -12 - n. Suppose 4*y - 4 = d - z, -5*d = -5*y - 60. What are the prime factors of d?
3
Suppose 0*y - 2*y = -10. Suppose 0 = 4*k + y*h - 222, 114 = 2*k - 0*k + h. Suppose 3*q = -4*l + 6 + 22, -2*l - k = -3*q. List the prime factors of q.
2
Let r = 4 + 8. Suppose -3*s - r = -2*w, 4*s - w = -3*w - 2. List the prime factors of 5*4 + 0 + s.
2, 3
Suppose -3 = 3*h, -31*n - 4066 = -34*n + 4*h. What are the prime factors of n?
2, 677
Suppose k = -k + 4. Suppose -4*s + 0*h = -h - 565, k*h + 430 = 3*s. Suppose 0 = q - 5*x + 1 - 5, -5*q - 5*x = -s. What are the prime factors of q?
2, 3
Let a = 2903 + -1660. Suppose 0 = 5*x - 3*n + a, x + 4*n + 10 + 257 = 0. List the prime factors of x/(-11) - (-10)/55.
23
Let i(k) = -k**3 + 16*k**2 - 11*k + 18. What are the prime factors of i(11)?
2, 251
Let z = -1362 + 1955. What are the prime factors of z?
593
Suppose -2*k = 10, -14 = -4*m + 2*k + 8. Suppose 3*o - 14 - 16 = 0. Suppose -4 = -4*j + m*i + 6, j + 3*i = o. What are the prime factors of j?
2
Suppose 0 = -8*u + 3*u + 500. Let z = u + -61. List the prime factors of z.
3, 13
What are the prime factors of (2/(-2))/((-38)/16340)?
2, 5, 43
Let x(g) = 3*g**2 + 3*g + 9. Let b be x(-4). List the prime factors of 2/(-9) - (-5680)/b.
2, 3, 7
Suppose -38786 - 24256 = -38*j. What are the prime factors of j?
3, 7, 79
Let b(g) = g**2 + 3*g - 21. Let u(i) = i**3 + 3*i**2 + 6*i + 9. Let v be u(-3). What are the prime factors of b(v)?
3, 11
Suppose -4*r + 2988 = 276. List the prime factors of r.
2, 3, 113
Let p = 338 - -342. What are the prime factors of p?
2, 5, 17
What are the prime factors of 38/(-171) - 52/9 - -3025?
3019
Let t = 9851 + -4183. List the prime factors of t.
2, 13, 109
Let u be 2/((20/8)/5). Let i(p) = u + 0*p - 2 + 2*p**2 - 7*p. List the prime factors of i(6).
2
Suppose 3366 = 395*a - 389*a. What are the prime factors of a?
3, 11, 17
Let v be (-3 + 0)/((-6)/16). Suppose 0 = -2*t + 7 - 55. List the prime factors of 58/v + 6/t.
7
Suppose 0 = -c + 2*c - f + 77, -2*c - 154 = -5*f. Let g = 249 + c. What are the prime factors of g?
2, 43
Let m = 39 + -32. Let f(l) = l**3 - 7*l**2 - l + 3. Let w be f(m). List the prime factors of 1/w + 266/8.
3, 11
Suppose 5*o = 2*r - 2641, -4*r - 2*o = 3*o - 5297. What are the prime factors of r?
3, 7
Suppose -h + 12 - 4 = 0. What are the prime factors of (h + -644)*1/(-3)?
2, 53
Suppose -3*w + 2 + 4 = -3*h, -4*w + 11 = -h. Suppose -175 = -4*q + w*f, -q - 4*f - 176 = -5*q. Let a = 60 - q. What are the prime factors of a?
17
Let z(q) = -42*q - 11. Let b(m) = m**2 - 7*m + 10. Let p be b(4). What are the prime factors of z(p)?
73
Let j(p) be the first derivative of -57*p**4/4 - p**2/2 - p - 7. Let a be (-2)/3*(-12)/(-8). List the prime factors of j(a).
3, 19
Let n = 929 - 239. What are the prime factors of n?
2, 3, 5, 23
What are the prime factors of (-4)/6 - (-413634)/234?
3, 19, 31
Let k be 7/3 + 4/24*-2. Let i(o) = -o**2 - 4*o + 4. Let s be i(-4). Suppose -s*a = k*d - 3*a - 79, -3*d = 3*a - 114. List the prime factors of d.
41
Suppose 78*p + 2705 - 36401 = 0. List the prime factors of p.
2, 3
Let c(f) = f**2 + 4*f - 2. Let i be c(-6). Suppose 4*s - i - 2 = 0. List the prime factors of s.
3
L